{"id":5,"date":"2015-06-04T10:59:21","date_gmt":"2015-06-04T10:59:21","guid":{"rendered":"http:\/\/psykoterapiapalvelutarukaivola.fi\/?page_id=5"},"modified":"2025-08-25T13:00:04","modified_gmt":"2025-08-25T10:00:04","slug":"etusivu","status":"publish","type":"page","link":"https:\/\/psykoterapiapalvelutarukaivola.fi\/","title":{"rendered":"Etusivu"},"content":{"rendered":"<div id=\"cs-content\" class=\"cs-content\"><div id=\"x-section-1\" class=\"x-section bg-image\" style=\"margin: 0px;padding: 25px 0px 0; background-image: url(http:\/\/psykoterapiapalvelutarukaivola.fi\/wp-content\/uploads\/2015\/06\/tausta_etusivu.png); background-color: transparent;\" data-x-element=\"section\" data-x-params=\"{&quot;type&quot;:&quot;image&quot;,&quot;parallax&quot;:false}\"><div id=\"\" class=\"x-container max width\" style=\"margin: 0px auto;padding: 0px;\" ><div  class=\"x-column x-sm x-1-1\" style=\"padding: 0px;\" ><div id=\"\" class=\"x-text\" style=\"\" ><h2>Tervetuloa Psykoterapiapalvelu<br \/>\nTaru Kaivolan kotisivuille!<\/h2>\n<\/div><\/div><\/div><div id=\"\" class=\"x-container max width\" style=\"margin: 0px auto;padding: 0px;\" ><div  class=\"x-column x-sm x-1-2\" style=\"padding: 0px;\" ><div id=\"\" class=\"x-text\" style=\"\" ><p>Olen koulutukseltani ryhm\u00e4analyytikko, kouluttajapsykoterapeutti ja ty\u00f6nohjaaja STOry. Ty\u00f6kokemusta on kertynyt mm. psykiatrian eri yksik\u00f6ist\u00e4, terveydenhuollon opetusty\u00f6st\u00e4 ja erilaisista projektiluonteisista t\u00f6ist\u00e4. Vuodesta 2003 l\u00e4htien olen ollut p\u00e4\u00e4toiminen ty\u00f6nohjaaja ja psykoterapeutti. Lis\u00e4ksi toimin ryhm\u00e4psykoterapian kouluttajana, aiemmin Suomen Mielenterveysseuran ja nykyisin Helsingin yliopiston j\u00e4rjest\u00e4miss\u00e4 koulutusohjelmissa. Olen toiminut my\u00f6s Ryhm\u00e4analyysiyhdistys ry:n\u00a0 puheenjohtajana vv. 2012-15. Lis\u00e4ksi olen\u00a0Full Member of Group Analytic Society International.<\/p>\n<p><strong>Tarjoan<\/strong>:<\/p>\n<\/div><hr  class=\"x-hr\" style=\"border-top-width: 1px;width: 100%;\"><div id=\"\" class=\"x-text\" style=\"\" ><h4 style=\"margin: 0px;\"><a href=\"http:\/\/psykoterapiapalvelutarukaivola.fi\/?page_id=9\">Ryhm\u00e4psykoterapiaa <\/a><\/h4>\n<p>aikuisille ja nuorille (13-17 v.)<\/p>\n<\/div><hr  class=\"x-hr\" style=\"border-top-width: 1px;width: 100%;\"><div id=\"\" class=\"x-text\" style=\"\" ><h4 style=\"margin: 0px;\"><a href=\"http:\/\/psykoterapiapalvelutarukaivola.fi\/?page_id=11\">Yksil\u00f6terapiaa<\/a><\/h4>\n<p>lyhytkestoisena terapiakeskusteluna<\/p>\n<\/div><hr  class=\"x-hr\" style=\"border-top-width: 1px;width: 100%;\"><div id=\"\" class=\"x-text\" style=\"\" ><h4 style=\"margin: 0px;\"><a href=\"http:\/\/andanteconsulting.fi\/\">Ty\u00f6nohjauspalvelua<\/a><\/h4>\n<p><a href=\"http:\/\/www.andanteconsulting.fi\">Andante Consulting Oy<\/a>:n kautta<\/p>\n<\/div><hr  class=\"x-hr\" style=\"border-top-width: 1px;width: 100%;\"><\/div><div  class=\"x-column x-sm x-1-2\" style=\"padding: 0px;\" ><img decoding=\"async\"  class=\"x-img x-img-circle\"  src=\"http:\/\/psykoterapiapalvelutarukaivola.fi\/wp-content\/uploads\/2016\/10\/taru2.jpg\" ><\/div><\/div><\/div><div id=\"x-section-2\" class=\"x-section\" style=\"margin: 0px;padding: 25px 0px 10px; background-color: #fcfaf9;\" ><div id=\"\" class=\"x-container max width\" style=\"margin: 0px auto;padding: 0px;\" ><div  class=\"x-column x-sm x-1-1\" style=\"padding: 0px;\" ><h2  class=\"h-custom-headline h3\" style=\"margin-top:0px;\"><span>Ajankohtaista<\/span><\/h2><div class=\"x-row e5-e21 m5-0 m5-1\"><div class=\"x-row-inner\"><a class=\"x-col e5-e22 m5-5 m5-2 m5-3\" href=\"https:\/\/psykoterapiapalvelutarukaivola.fi\/?p=244\" data-x-effect-provider=\"colors particles effects\" data-x-effect=\"{&quot;durationBase&quot;:&quot;400ms&quot;}\"><article class=\"x-div e5-e25 m5-7 m5-8\"><div class=\"x-text x-text-headline e5-e26 m5-a m5-2 m5-4\"><div class=\"x-text-content\"><div class=\"x-text-content-text\"><h2 class=\"x-text-content-text-primary\">Aikuisten psykoterapiaryhm\u00e4<\/h2>\n<\/div><\/div><\/div><div class=\"x-text x-content e5-e27 m5-b\">Vapaita paikkoja psykoterapiaryhm\u00e4ss\u00e4 voi\u00a0 tiedustella Taru Kaivolalta,\u00a0 taru.kaivola@gmail.com tai p. 050 360 2077.&hellip;<\/div><\/article><\/a><\/div><\/div><\/div><\/div><\/div><div id=\"x-section-3\" class=\"x-section\" style=\"margin: 0px;padding: 25px 0px 10px; background-color: transparent;\" ><div id=\"\" class=\"x-container max width\" style=\"margin: 0px auto;padding: 0px;\" ><div  class=\"x-column x-sm x-1-1\" style=\"padding: 0px;\" ><h2  class=\"h-custom-headline h3\" style=\"margin-top:0px;\"><span>Ota yhteytt\u00e4<\/span><\/h2><div id=\"\" class=\"x-text\" style=\"\" ><p><strong>Taru Kaivola<\/strong> ryhm\u00e4analyytikko, psykoterapeutti VET <ul id=\"\" class=\"x-ul-icons\" style=\"\" > <li id=\"\" class=\"x-li-icon\" style=\"\" ><i class=\"x-icon-map-marker\" aria-hidden=\"true\" style=\"\" data-x-icon-s=\"&#xf041;\" ><\/i>Laivastokatu 14 B, 00160 Helsinki <\/li><li id=\"\" class=\"x-li-icon\" style=\"\" ><i class=\"x-icon-envelope\" aria-hidden=\"true\" style=\"\" data-x-icon-s=\"&#xf0e0;\" ><\/i><a href=\"mailto:taru.kaivola@gmail.com\">taru.kaivola@gmail.com<\/a><\/li> <li id=\"\" class=\"x-li-icon\" style=\"\" ><i class=\"x-icon-phone\" aria-hidden=\"true\" style=\"\" data-x-icon-s=\"&#xf095;\" ><\/i>050 360 2077<\/li><li id=\"\" class=\"x-li-icon\" style=\"\" ><i class=\"x-icon-facebook-square\" aria-hidden=\"true\" style=\"\" data-x-icon-b=\"&#xf082;\" ><\/i><a href=\"https:\/\/www.facebook.com\/tarukaivola\" target=\"_blank\">tarukaivola<\/a><\/li><\/ul><\/p>\n<\/div><\/div><\/div><\/div><\/div>\n","protected":false},"excerpt":{"rendered":"<p>Tervetuloa Psykoterapiapalvelu Taru Kaivolan kotisivuille! Olen koulutukseltani ryhm\u00e4analyytikko, kouluttajapsykoterapeutti ja ty\u00f6nohjaaja STOry. Ty\u00f6kokemusta on kertynyt mm. psykiatrian eri yksik\u00f6ist\u00e4, terveydenhuollon opetusty\u00f6st\u00e4 ja erilaisista projektiluonteisista t\u00f6ist\u00e4. Vuodesta 2003 l\u00e4htien olen ollut p\u00e4\u00e4toiminen ty\u00f6nohjaaja ja psykoterapeutti. Lis\u00e4ksi toimin ryhm\u00e4psykoterapian kouluttajana, aiemmin Suomen Mielenterveysseuran ja nykyisin Helsingin yliopiston j\u00e4rjest\u00e4miss\u00e4 koulutusohjelmissa. Olen toiminut my\u00f6s Ryhm\u00e4analyysiyhdistys ry:n\u00a0 puheenjohtajana vv. 2012-15. Lis\u00e4ksi olen\u00a0Full Member of Group &#8230; <\/p>\n<div><a href=\"https:\/\/psykoterapiapalvelutarukaivola.fi\/\" class=\"more-link\">Lue lis&auml;&auml;<\/a><\/div>\n","protected":false},"author":1,"featured_media":0,"parent":0,"menu_order":0,"comment_status":"closed","ping_status":"closed","template":"template-blank-4.php","meta":{"footnotes":""},"class_list":["post-5","page","type-page","status-publish","hentry","no-post-thumbnail"],"_links":{"self":[{"href":"https:\/\/psykoterapiapalvelutarukaivola.fi\/index.php?rest_route=\/wp\/v2\/pages\/5","targetHints":{"allow":["GET"]}}],"collection":[{"href":"https:\/\/psykoterapiapalvelutarukaivola.fi\/index.php?rest_route=\/wp\/v2\/pages"}],"about":[{"href":"https:\/\/psykoterapiapalvelutarukaivola.fi\/index.php?rest_route=\/wp\/v2\/types\/page"}],"author":[{"embeddable":true,"href":"https:\/\/psykoterapiapalvelutarukaivola.fi\/index.php?rest_route=\/wp\/v2\/users\/1"}],"replies":[{"embeddable":true,"href":"https:\/\/psykoterapiapalvelutarukaivola.fi\/index.php?rest_route=%2Fwp%2Fv2%2Fcomments&post=5"}],"version-history":[{"count":74,"href":"https:\/\/psykoterapiapalvelutarukaivola.fi\/index.php?rest_route=\/wp\/v2\/pages\/5\/revisions"}],"predecessor-version":[{"id":305,"href":"https:\/\/psykoterapiapalvelutarukaivola.fi\/index.php?rest_route=\/wp\/v2\/pages\/5\/revisions\/305"}],"wp:attachment":[{"href":"https:\/\/psykoterapiapalvelutarukaivola.fi\/index.php?rest_route=%2Fwp%2Fv2%2Fmedia&parent=5"}],"curies":[{"name":"wp","href":"https:\/\/api.w.org\/{rel}","templated":true}]}}